.
-5
Let n(i) = -31*i**2 + 3943*i - 4699. Determine n(126).
-37
Let o(b) = 7*b**2 - 110*b + 746. What is o(14)?
578
Let c(x) = -x**2 - 104*x + 3657. Calculate c(34).
-1035
Let v(u) = -171386*u - 1028304. Calculate v(-6).
12
Let b(r) = 4*r**3 - 495*r**2 - 166*r + 5208. What is b(124)?
0
Let r(a) = -14*a**3 + 381*a**2 - 71*a + 304. Give r(27).
574
Let x(l) = l**3 - 100*l**2 - 1104*l + 68. Calculate x(-10).
108
Let d(y) = -199*y - 2997. What is d(-12)?
-609
Let j(v) = -1060*v + 952. Determine j(0).
952
Let n(p) = 4594*p**2 - 9195*p + 8. Determine n(2).
-6
Let q(w) = 52876*w + 1163451. What is q(-22)?
179
Let d(k) = 1812*k + 876894. Calculate d(-484).
-114
Let p(s) = 2*s**3 + 37*s**2 - 71*s - 336. What is p(-20)?
-116
Let d(x) = -111*x + 17041. Give d(148).
613
Let v(r) = -r**2 - 74*r + 1088. What is v(-67)?
1557
Let s(n) = -454791*n + 2273950. What is s(5)?
-5
Let g(x) = -3*x**3 + 140*x**2 - 158*x - 105. What is g(46)?
-3141
Let t(w) = -12424*w + 22135. Give t(2).
-2713
Let n(c) = 898*c**3 - 19754*c**2 - 22*c - 495. Calculate n(22).
-11
Let z(j) = j**3 - 24*j**2 - 68*j - 302. Calculate z(27).
49
Let f(o) = -2427*o - 74895. What is f(-31)?
342
Let q(p) = p**2 + 2108*p - 10530. Give q(5).
35
Let b(g) = -6*g**2 + 576*g + 2631. Give b(104).
-2361
Let t(s) = 500*s - 1776. What is t(4)?
224
Let m(g) = 4*g**3 - 1492*g**2 + 1459*g + 10799. Give m(372).
11
Let l(c) = -322620*c - 2580961. What is l(-8)?
-1
Let d(a) = -606*a - 41811. Determine d(-69).
3
Let k(x) = x**3 - 50*x**2 + 58*x - 330. Determine k(49).
111
Let m(u) = -448*u - 130683. Determine m(-294).
1029
Let d(c) = 341*c**2 - 14*c - 10. Calculate d(-1).
345
Let h(b) = 1400*b - 181743. Give h(131).
1657
Let g(t) = 3726*t + 14946. Give g(-4).
42
Let w(y) = -1603*y + 493735. Calculate w(308).
11
Let s(x) = 703*x**2 + 3529*x - 33. Give s(-5).
-103
Let t(z) = -6*z**3 - 368*z**2 - 111*z + 195. Calculate t(-61).
-476
Let u(l) = 7*l**2 - 6035*l + 18030. What is u(3)?
-12
Let k(t) = -960*t - 311986. Calculate k(-325).
14
Let h(r) = 184*r**3 + 1079*r**2 - 155*r - 2. What is h(-6)?
28
Let s(k) = 1286*k + 117021. What is s(-91)?
-5
Let k(l) = -3*l**2 - 208*l - 262. Determine k(-69).
-193
Let m(a) = 6*a**3 - 350*a**2 - 237*a + 140. Give m(59).
81
Let y(v) = -2*v**2 - 63*v + 881. What is y(-38)?
387
Let u(s) = 7*s**2 - 1740*s + 44522. What is u(29)?
-51
Let y(o) = 120*o**2 + 8*o - 7. Calculate y(2).
489
Let y(t) = t**3 - 102*t**2 + 685*t - 38407. Calculate y(99).
5
Let u(i) = -8706*i + 17462. What is u(2)?
50
Let t(y) = -45*y**3 - 6*y - 568. Calculate t(0).
-568
Let s(r) = -r**3 + 64*r**2 + 443*r + 15620. Determine s(73).
-2
Let d(r) = -29*r**3 - 254*r**2 - 172*r + 40. What is d(-8)?
8
Let t(c) = 65*c**3 - 52*c**2 - 102*c + 3. Determine t(-2).
-521
Let s(r) = -2*r**3 - 79*r**2 - 276*r - 744. Calculate s(-36).
120
Let b(n) = 15*n**2 - 1773*n + 5211. Give b(3).
27
Let o(a) = -2*a**3 - 24*a**2 - 92*a - 2735. Determine o(-15).
-5
Let f(j) = 4*j**2 - 415*j - 20991. Give f(141).
18
Let m(z) = -2*z**2 + 3*z + 1924. Give m(-30).
34
Let p(a) = -9110*a + 501015. What is p(55)?
-35
Let d(y) = 2*y**3 + 86*y**2 + 394*y + 16962. Give d(-43).
20
Let x(h) = -h**3 + 70*h**2 - 272*h - 1189. Determine x(7).
-6
Let u(l) = l**3 + 16*l**2 + 5647*l + 120791. Give u(-21).
-1
Let i(c) = 562*c - 3118. Give i(6).
254
Let f(o) = 1722*o - 24385. Calculate f(14).
-277
Let m(h) = -286*h - 27059. Give m(-95).
111
Let c(b) = 307*b + 51276. Determine c(-167).
7
Let i(k) = k**2 + 56858*k - 30415639. Give i(530).
1
Let k(t) = -5*t**3 - 24*t**2 - 3*t - 303. Give k(-8).
745
Let i(u) = 1735*u + 3105. Determine i(-2).
-365
Let q(r) = -6*r**2 - 1036*r - 5191. Give q(-168).
-487
Let x(s) = 19*s**2 - 720*s - 11. Give x(38).
65
Let g(q) = -q**2 + 18387*q - 1081354. What is g(59)?
-2
Let z(a) = 13695*a - 657361. What is z(48)?
-1
Let i(z) = z**2 + 408*z + 11357. What is i(-30)?
17
Let w(r) = -4*r**3 + 2*r**2 + 370*r + 2637. Calculate w(-7).
1517
Let y(k) = -4*k**2 + 885*k - 9875. Determine y(11).
-624
Let p(a) = 23540*a - 329565. Calculate p(14).
-5
Let s(k) = 1997*k - 41933. Calculate s(21).
4
Let h(g) = -668*g + 24754. What is h(37)?
38
Let x(w) = 870*w - 153252. Calculate x(176).
-132
Let q(p) = 6*p**2 + 71234*p + 142466. Give q(-2).
22
Let q(t) = -t**3 + 60*t**2 - 62*t + 154. Give q(58).
3286
Let w(o) = 303*o**2 - 130*o - 3. Give w(1).
170
Let v(t) = -6169*t - 6134. Determine v(-1).
35
Let n(f) = -59*f**2 + 1745*f - 4698. What is n(3)?
6
Let j(u) = -6*u**2 + 450*u - 60. What is j(75)?
-60
Let w(a) = -329660*a + 659299. Calculate w(2).
-21
Let j(t) = 2*t**3 + 46*t**2 - 222*t - 570. Determine j(-24).
3606
Let o(z) = -2*z**3 + 76*z**2 - 273*z + 7362. Give o(37).
-1
Let a(c) = -62*c**2 - 1228*c + 188. Calculate a(-20).
-52
Let b(q) = -q**3 - 401*q**2 - 38796*q - 321. What is b(-163)?
5
Let g(d) = -471*d - 18836. Determine g(-31).
-4235
Let s(v) = 38148*v + 1335138. Determine s(-35).
-42
Let x(w) = -650*w - 18193. What is x(-28)?
7
Let i(s) = -5995*s - 89929. What is i(-15)?
-4
Let w(j) = -2*j**3 + 55*j**2 - 308*j - 145. Give w(20).
-305
Let q(z) = -z**3 - 180*z**2 - 263*z + 16558. Determine q(-178).
4
Let j(d) = d**3 - 14*d**2 + 503*d - 3643. What is j(8)?
-3
Let u(h) = 3*h**3 - 49*h**2 - 258*h - 220. Determine u(-4).
-164
Let k(z) = -32379*z - 744333. Give k(-23).
384
Let z(g) = -2*g**3 - 37*g**2 - 95*g + 223. Calculate z(-15).
73
Let a(h) = h**2 + 816*h + 165290. Give a(-437).
-333
Let s(i) = 106*i - 2989. Give s(6).
-2353
Let w(h) = -172*h - 35309. Calculate w(-200).
-909
Let h(b) = -159675*b + 798380. Give h(5).
5
Let c(z) = -447*z + 137562. Determine c(307).
333
Let h(q) = -1303*q**2 + 45622*q - 629. Give h(35).
-34
Let o(j) = -44413*j - 6484290. Determine o(-146).
8
Let c(w) = -7*w**2 + 1102*w - 1332. What is c(156)?
228
Let i(j) = -2*j**3 - 66*j**2 - 508*j + 63. Give i(-19).
-393
Let l(z) = 43*z**3 + 684*z**2 + 132*z + 3136. What is l(-16)?
0
Let i(v) = 2*v**3 - 63*v**2 + 270*v - 4669. Calculate i(29).
-1044
Let o(c) = c**3 + 15*c**2 + 740*c + 13148. Determine o(-17).
-10
Let q(u) = -u**2 - 3529*u + 479488. Calculate q(131).
28
Let s(j) = j**2 + 342*j + 14781. Determine s(-53).
-536
Let b(r) = r**3 + 15*r**2 - 601*r - 3498. Give b(-31).
-243
Let f(w) = -w**3 + 101*w**2 + 9*w + 175. Calculate f(101).
1084
Let y(m) = -m**2 + 136*m + 6640. Give y(174).
28
Let w(c) = 22*c - 638. What is w(-6)?
-770
Let y(o) = -o**3 - 14*o**2 + 2765*o + 58829. Determine y(-23).
-5
Let r(q) = 226*q - 16452. What is r(73)?
46
Let m(f) = -109435*f - 2407572. Give m(-22).
-2
Let i(x) = x**2 + 41233*x + 700666. Give i(-17).
-6
Let p(y) = y**3 + 5277*y**2 - 42387*y + 865. Calculate p(8).
9
Let z(c) = -206*c - 14444. What is z(-70)?
-24
Let c(a) = -4*a**3 + 188*a**2 - 998*a + 33. Give c(41).
-541
Let j(b) = -45514*b - 273082. Determine j(-6).
2
Let b(k) = -27*k**3 + 1481*k**2 + 290*k - 3863. Calculate b(55).
-13
Let r(y) = y**2 + 190160*y + 1140918. What is r(-6)?
-6
Let s(y) = -486*y + 6649. Give s(14).
-155
Let c(n) = 1143333*n + 1143332. Determine c(-1).
-1
Let g(d) = 118*d - 21607. What is g(138)?
-5323
Let c(u) = 2*u**2 - 7042*u + 428890. Determine c(62).
-26
Let c(p) = p**3 - 12*p**2 - 416*p + 4123. What is c(10)?
-237
Let q(f) = 423*f**2 - 1150*f - 361. What is q(3)?
-4
Let s(w) = 29*w**2 - 845*w - 13. Determine s(29).
-129
Let h(i) = -5781*i - 16846. Calculate h(-3).
497
Let x(u) = -u**3 - 353*u**2 + 3716*u - 625. Calculate x(10).
235
Let n(q) = -3*q**3 - 101*q**2 - 512*q + 41. What is n(-5)?
451
Let n(g) = 8*g**2 + 183*g - 350. What is n(-22)?
-504
Let z(x) = -262*x - 1476. Give z(-2).
-952
Let n(m) = -1226*m + 6293. Give n(6).
-1063
Let w(t) = -t**3 + 814*t**2 - 152885*t + 2591. Calculate w(520).
-9
Let c(o) = -2772*o + 327021. Determine c(118).
-75
Let w(u) = -1520*u**2 - 6036*u + 177. Calculate w(-4).
1
Let a(g) = g**3 + 28*g**2 - 1084*g - 30368. Calculate a(-33).
-41
Let d(m) = 443588*m - 24397354. Calculate d(55).
-14
Let y(v) = 2*v**3 + 113*v**2 + 5731*v + 294908. Calculate y(-54).
14
Let z(q) = -q**3 + 89*q**2 - 1581*q - 499. Give z(26).
983
Let i(v) = -21*v**2 - 45*v + 15. Determine i(3).
-309
Let l(g) = -19*g**2 - 2136*g - 895. What is l(-110)?
4165
Let q(h) = 29945*h - 389475. What is q(13)?
-190
Let j(n) = -n**3 - 68*n**2 + 364*n + 5466. Determine j(-7